{"id":2229,"date":"2021-05-06T01:57:19","date_gmt":"2021-05-06T03:57:19","guid":{"rendered":"http:\/\/www.redlatif.org\/?page_id=2229"},"modified":"2021-05-06T02:52:50","modified_gmt":"2021-05-06T04:52:50","slug":"reunion-2015","status":"publish","type":"page","link":"https:\/\/www.redlatif.org\/en\/reuniones\/reunion-2015\/","title":{"rendered":"Reuni\u00f3n 2015"},"content":{"rendered":"\n<h2 class=\"wp-block-heading\">Workshop de Detecci\u00f3n de \u00c1reas Quemadas 2015<\/h2>\n\n\n\n<p>Por medio de RedLaTIF, la Red Latinoamericana de Teledetecci\u00f3n e Incendios Forestales, se ha organizando el Workshop de Detecci\u00f3n de \u00c1reas Quemadas 2015 en el per\u00edodo de 16 al 20 de noviembre de 2015 en el INPE \u2013 Instituto Brasileiro de Pesquisas Espaciais, en Sao Jos\u00e9 dos Campos, Brasil.<\/p>\n\n\n\n<p>El mismo posee un doble <strong>objetivo<\/strong>: conducir una <strong>reuni\u00f3n pr\u00e1ctica de mapeamiento de \u00e1reas quemadas con los participantes<\/strong>, trabajando con im\u00e1genes&nbsp;satelitales de sus propios pa\u00edses, <strong>producindo un trabajo para publicaci\u00f3n<\/strong>, y discutir <strong>futuros proyectos\/acciones de la red<\/strong>. Tambi\u00e9n est\u00e1 planeado un <strong>experimento de validaci\u00f3n satelital con una quema controlada<\/strong>.<\/p>\n\n\n\n<p>Esta actividad resulta de un esfuerzo conjunto de RedLatif,(<a href=\"http:\/\/www.redlatif.org\/\" target=\"_blank\" rel=\"noreferrer noopener\">http:\/\/www.redlatif.org\/<\/a>), START (<a href=\"http:\/\/start.org\/\" target=\"_blank\" rel=\"noreferrer noopener\">http:\/\/start.org\/<\/a>) en apoyo a las actividades de GOFC-GOLD (<a href=\"http:\/\/start.org\/programs\/gofc-gold\" target=\"_blank\" rel=\"noreferrer noopener\">http:\/\/start.org\/programs\/gofc-gold<\/a>), y tambi\u00e9n del INPE, como parte de su Programa de Monitoreo de Quemas e Incendios Forestales (<a href=\"http:\/\/www.inpe.br\/queimadas\" target=\"_blank\" rel=\"noreferrer noopener\">http:\/\/www.inpe.br\/queimadas<\/a>).<\/p>\n\n\n\n<h2 class=\"wp-block-heading\">Temas<\/h2>\n\n\n\n<div class=\"wp-block-buttons is-layout-flex wp-block-buttons-is-layout-flex\"><\/div>\n\n\n\n<p><strong>Producto INPE para \u00e1rea quemada: el cerrado brasilero con im\u00e1genes Landsat.<\/strong> Emiliano Melchiori. INPE <a rel=\"noreferrer noopener\" href=\"http:\/\/www.redlatif.org\/wp-content\/uploads\/2015\/11\/AMELCHIORI_REDLATIF_AREA_QUEIMADA_LANDSAT.pdf\" target=\"_blank\"><img loading=\"lazy\" decoding=\"async\" width=\"30\" height=\"30\" class=\"wp-image-2245\" style=\"width: 30px;\" src=\"http:\/\/www.redlatif.org\/wp-content\/uploads\/2021\/05\/pdf.png\" alt=\"\" srcset=\"https:\/\/www.redlatif.org\/wp-content\/uploads\/2021\/05\/pdf.png 225w, https:\/\/www.redlatif.org\/wp-content\/uploads\/2021\/05\/pdf-150x150.png 150w, https:\/\/www.redlatif.org\/wp-content\/uploads\/2021\/05\/pdf-80x80.png 80w\" sizes=\"auto, (max-width: 30px) 100vw, 30px\" \/><\/a><\/p>\n\n\n\n<p><strong>Compuestos de m\u00faltiples a\u00f1os como alternativa para aumentar la calidad de los datos en zonas de alta nubosidad.<\/strong> Jesus A. Anaya Acevedo \u2013 UDEM \u2013 Colombia.  <a rel=\"noreferrer noopener\" href=\"http:\/\/www.redlatif.org\/wp-content\/uploads\/2015\/11\/Presentacion_JANAYA_20151116.pdf\" target=\"_blank\"><img loading=\"lazy\" decoding=\"async\" width=\"30\" height=\"30\" class=\"wp-image-2245\" style=\"width: 30px;\" src=\"http:\/\/www.redlatif.org\/wp-content\/uploads\/2021\/05\/pdf.png\" alt=\"\" srcset=\"https:\/\/www.redlatif.org\/wp-content\/uploads\/2021\/05\/pdf.png 225w, https:\/\/www.redlatif.org\/wp-content\/uploads\/2021\/05\/pdf-150x150.png 150w, https:\/\/www.redlatif.org\/wp-content\/uploads\/2021\/05\/pdf-80x80.png 80w\" sizes=\"auto, (max-width: 30px) 100vw, 30px\" \/><\/a><\/p>\n\n\n\n<p><strong>Sistema de Alerta y Respuesta Temprana a Incendios de Vegetaci\u00f3n<\/strong>. Nicolas Mari \u2013 CONAE \u2013 Argentina.  <a href=\"http:\/\/www.redlatif.org\/wp-content\/uploads\/2015\/11\/RedLatif_INTA_Nicolas_Mari..pdf\" target=\"_blank\" rel=\"noreferrer noopener\"><img loading=\"lazy\" decoding=\"async\" width=\"30\" height=\"30\" class=\"wp-image-2245\" style=\"width: 30px;\" src=\"http:\/\/www.redlatif.org\/wp-content\/uploads\/2021\/05\/pdf.png\" alt=\"\" srcset=\"https:\/\/www.redlatif.org\/wp-content\/uploads\/2021\/05\/pdf.png 225w, https:\/\/www.redlatif.org\/wp-content\/uploads\/2021\/05\/pdf-150x150.png 150w, https:\/\/www.redlatif.org\/wp-content\/uploads\/2021\/05\/pdf-80x80.png 80w\" sizes=\"auto, (max-width: 30px) 100vw, 30px\" \/><\/a><\/p>\n\n\n\n<p><strong>The new VIIRS (and Landsat-8) active fire detection algorithms<em> \u00a0<\/em><\/strong>Wilfrid Schroeder <a href=\"http:\/\/www.redlatif.org\/wp-content\/uploads\/2015\/11\/Schroeder_VIIRS_Fire.compressed.pdf\" target=\"_blank\" rel=\"noreferrer noopener\"><img loading=\"lazy\" decoding=\"async\" width=\"30\" height=\"30\" class=\"wp-image-2245\" style=\"width: 30px;\" src=\"http:\/\/www.redlatif.org\/wp-content\/uploads\/2021\/05\/pdf.png\" alt=\"\" srcset=\"https:\/\/www.redlatif.org\/wp-content\/uploads\/2021\/05\/pdf.png 225w, https:\/\/www.redlatif.org\/wp-content\/uploads\/2021\/05\/pdf-150x150.png 150w, https:\/\/www.redlatif.org\/wp-content\/uploads\/2021\/05\/pdf-80x80.png 80w\" sizes=\"auto, (max-width: 30px) 100vw, 30px\" \/><\/a><\/p>\n\n\n\n<p><strong>Detecci\u00f3n y monitoreo de las \u00e1reas quemadas en M\u00e9xico durante 2000 \u2013 2014, utilizando productos MODIS \u2013 MCD45A1 &#8211; <\/strong>Lilia de Lourdes Manzo Delgado -UNAM \u2013 Mexico. <a href=\"http:\/\/www.redlatif.org\/wp-content\/uploads\/2015\/11\/RedLaTIF_Manzo_2015.pdf\" target=\"_blank\" rel=\"noreferrer noopener\"><img loading=\"lazy\" decoding=\"async\" width=\"30\" height=\"30\" class=\"wp-image-2245\" style=\"width: 30px;\" src=\"http:\/\/www.redlatif.org\/wp-content\/uploads\/2021\/05\/pdf.png\" alt=\"\" srcset=\"https:\/\/www.redlatif.org\/wp-content\/uploads\/2021\/05\/pdf.png 225w, https:\/\/www.redlatif.org\/wp-content\/uploads\/2021\/05\/pdf-150x150.png 150w, https:\/\/www.redlatif.org\/wp-content\/uploads\/2021\/05\/pdf-80x80.png 80w\" sizes=\"auto, (max-width: 30px) 100vw, 30px\" \/><\/a><\/p>\n\n\n\n<p><strong>Identificaci\u00f3n \u00e1reas quemadas en M\u00e9xico &#8211; <\/strong> Maria Isabel Cruz Lopez \u2013 Conabio \u2013 Mexico. <a href=\"http:\/\/www.redlatif.org\/wp-content\/uploads\/2015\/11\/MICL_CONABIO_AreasQuemadas_15nvo2015.pptx\" target=\"_blank\" rel=\"noreferrer noopener\"><img loading=\"lazy\" decoding=\"async\" width=\"30\" height=\"30\" class=\"wp-image-2245\" style=\"width: 30px;\" src=\"http:\/\/www.redlatif.org\/wp-content\/uploads\/2021\/05\/pdf.png\" alt=\"\" srcset=\"https:\/\/www.redlatif.org\/wp-content\/uploads\/2021\/05\/pdf.png 225w, https:\/\/www.redlatif.org\/wp-content\/uploads\/2021\/05\/pdf-150x150.png 150w, https:\/\/www.redlatif.org\/wp-content\/uploads\/2021\/05\/pdf-80x80.png 80w\" sizes=\"auto, (max-width: 30px) 100vw, 30px\" \/><\/a><\/p>\n\n\n\n<p><strong>Cartograf\u00eda de \u00e1reas quemas usando Google Earth Engine &#8211;  <\/strong>Armando M. Rodriguez Montellano \u2013 FAN -Bol\u00edvia <a href=\"http:\/\/www.redlatif.org\/wp-content\/uploads\/2015\/11\/RedLalTIF-Cartografia-areas-quemadas-GEE-Armando-Rodriguez-Montellano.pdf\" target=\"_blank\" rel=\"noreferrer noopener\"><img loading=\"lazy\" decoding=\"async\" width=\"30\" height=\"30\" class=\"wp-image-2245\" style=\"width: 30px;\" src=\"http:\/\/www.redlatif.org\/wp-content\/uploads\/2021\/05\/pdf.png\" alt=\"\" srcset=\"https:\/\/www.redlatif.org\/wp-content\/uploads\/2021\/05\/pdf.png 225w, https:\/\/www.redlatif.org\/wp-content\/uploads\/2021\/05\/pdf-150x150.png 150w, https:\/\/www.redlatif.org\/wp-content\/uploads\/2021\/05\/pdf-80x80.png 80w\" sizes=\"auto, (max-width: 30px) 100vw, 30px\" \/><\/a><\/p>\n\n\n\n<p><strong>Monitoreo de \u00e1rea quemada, emisiones de gases com efecto invernadero, y riesgo de \u00e1rea quemada &#8211; <\/strong>Liana O. Anderson \u2013 Brasil \u2013 CEMADEN <a href=\"http:\/\/www.redlatif.org\/wp-content\/uploads\/2015\/11\/Liana-talk-LaTIF-17nov2015_online.pdf\" target=\"_blank\" rel=\"noreferrer noopener\"><img loading=\"lazy\" decoding=\"async\" width=\"30\" height=\"30\" class=\"wp-image-2245\" style=\"width: 30px;\" src=\"http:\/\/www.redlatif.org\/wp-content\/uploads\/2021\/05\/pdf.png\" alt=\"\" srcset=\"https:\/\/www.redlatif.org\/wp-content\/uploads\/2021\/05\/pdf.png 225w, https:\/\/www.redlatif.org\/wp-content\/uploads\/2021\/05\/pdf-150x150.png 150w, https:\/\/www.redlatif.org\/wp-content\/uploads\/2021\/05\/pdf-80x80.png 80w\" sizes=\"auto, (max-width: 30px) 100vw, 30px\" \/><\/a><\/p>\n","protected":false},"excerpt":{"rendered":"<p>Workshop de Detecci\u00f3n de \u00c1reas Quemadas 2015 Por medio de RedLaTIF, la Red Latinoamericana de Teledetecci\u00f3n e Incendios Forestales, se ha organizando el Workshop de Detecci\u00f3n de \u00c1reas Quemadas 2015 en el per\u00edodo de&#46;&#46;&#46;<\/p>\n","protected":false},"author":29,"featured_media":0,"parent":2225,"menu_order":0,"comment_status":"closed","ping_status":"closed","template":"","meta":{"ngg_post_thumbnail":0,"footnotes":""},"class_list":["post-2229","page","type-page","status-publish","hentry"],"_links":{"self":[{"href":"https:\/\/www.redlatif.org\/en\/wp-json\/wp\/v2\/pages\/2229","targetHints":{"allow":["GET"]}}],"collection":[{"href":"https:\/\/www.redlatif.org\/en\/wp-json\/wp\/v2\/pages"}],"about":[{"href":"https:\/\/www.redlatif.org\/en\/wp-json\/wp\/v2\/types\/page"}],"author":[{"embeddable":true,"href":"https:\/\/www.redlatif.org\/en\/wp-json\/wp\/v2\/users\/29"}],"replies":[{"embeddable":true,"href":"https:\/\/www.redlatif.org\/en\/wp-json\/wp\/v2\/comments?post=2229"}],"version-history":[{"count":14,"href":"https:\/\/www.redlatif.org\/en\/wp-json\/wp\/v2\/pages\/2229\/revisions"}],"predecessor-version":[{"id":2257,"href":"https:\/\/www.redlatif.org\/en\/wp-json\/wp\/v2\/pages\/2229\/revisions\/2257"}],"up":[{"embeddable":true,"href":"https:\/\/www.redlatif.org\/en\/wp-json\/wp\/v2\/pages\/2225"}],"wp:attachment":[{"href":"https:\/\/www.redlatif.org\/en\/wp-json\/wp\/v2\/media?parent=2229"}],"curies":[{"name":"wp","href":"https:\/\/api.w.org\/{rel}","templated":true}]}}

Reunión 2015

<h2 class="wp-block-heading">Workshop de Detección de Áreas Quemadas 2015</h2>



<p>Por medio de RedLaTIF, la Red Latinoamericana de Teledetección e Incendios Forestales, se ha organizando el Workshop de Detección de Áreas Quemadas 2015 en el período de 16 al 20 de noviembre de 2015 en el INPE – Instituto Brasileiro de Pesquisas Espaciais, en Sao José dos Campos, Brasil.</p>



<p>El mismo posee un doble <strong>objetivo</strong>: conducir una <strong>reunión práctica de mapeamiento de áreas quemadas con los participantes</strong>, trabajando con imágenes&nbsp;satelitales de sus propios países, <strong>producindo un trabajo para publicación</strong>, y discutir <strong>futuros proyectos/acciones de la red</strong>. También está planeado un <strong>experimento de validación satelital con una quema controlada</strong>.</p>



<p>Esta actividad resulta de un esfuerzo conjunto de RedLatif,(<a href="http://www.redlatif.org/" target="_blank" rel="noreferrer noopener">http://www.redlatif.org/</a>), START (<a href="http://start.org/" target="_blank" rel="noreferrer noopener">http://start.org/</a>) en apoyo a las actividades de GOFC-GOLD (<a href="http://start.org/programs/gofc-gold" target="_blank" rel="noreferrer noopener">http://start.org/programs/gofc-gold</a>), y también del INPE, como parte de su Programa de Monitoreo de Quemas e Incendios Forestales (<a href="http://www.inpe.br/queimadas" target="_blank" rel="noreferrer noopener">http://www.inpe.br/queimadas</a>).</p>



<h2 class="wp-block-heading">Temas</h2>



<div class="wp-block-buttons is-layout-flex wp-block-buttons-is-layout-flex"></div>



<p><strong>Producto INPE para área quemada: el cerrado brasilero con imágenes Landsat.</strong> Emiliano Melchiori. INPE <a rel="noreferrer noopener" href="http://www.redlatif.org/wp-content/uploads/2015/11/AMELCHIORI_REDLATIF_AREA_QUEIMADA_LANDSAT.pdf" target="_blank"><img loading="lazy" decoding="async" width="30" height="30" class="wp-image-2245" style="width: 30px;" src="http://www.redlatif.org/wp-content/uploads/2021/05/pdf.png" alt="" srcset="https://www.redlatif.org/wp-content/uploads/2021/05/pdf.png 225w, https://www.redlatif.org/wp-content/uploads/2021/05/pdf-150x150.png 150w, https://www.redlatif.org/wp-content/uploads/2021/05/pdf-80x80.png 80w" sizes="auto, (max-width: 30px) 100vw, 30px" /></a></p>



<p><strong>Compuestos de múltiples años como alternativa para aumentar la calidad de los datos en zonas de alta nubosidad.</strong> Jesus A. Anaya Acevedo – UDEM – Colombia.  <a rel="noreferrer noopener" href="http://www.redlatif.org/wp-content/uploads/2015/11/Presentacion_JANAYA_20151116.pdf" target="_blank"><img loading="lazy" decoding="async" width="30" height="30" class="wp-image-2245" style="width: 30px;" src="http://www.redlatif.org/wp-content/uploads/2021/05/pdf.png" alt="" srcset="https://www.redlatif.org/wp-content/uploads/2021/05/pdf.png 225w, https://www.redlatif.org/wp-content/uploads/2021/05/pdf-150x150.png 150w, https://www.redlatif.org/wp-content/uploads/2021/05/pdf-80x80.png 80w" sizes="auto, (max-width: 30px) 100vw, 30px" /></a></p>



<p><strong>Sistema de Alerta y Respuesta Temprana a Incendios de Vegetación</strong>. Nicolas Mari – CONAE – Argentina.  <a href="http://www.redlatif.org/wp-content/uploads/2015/11/RedLatif_INTA_Nicolas_Mari..pdf" target="_blank" rel="noreferrer noopener"><img loading="lazy" decoding="async" width="30" height="30" class="wp-image-2245" style="width: 30px;" src="http://www.redlatif.org/wp-content/uploads/2021/05/pdf.png" alt="" srcset="https://www.redlatif.org/wp-content/uploads/2021/05/pdf.png 225w, https://www.redlatif.org/wp-content/uploads/2021/05/pdf-150x150.png 150w, https://www.redlatif.org/wp-content/uploads/2021/05/pdf-80x80.png 80w" sizes="auto, (max-width: 30px) 100vw, 30px" /></a></p>



<p><strong>The new VIIRS (and Landsat-8) active fire detection algorithms<em>  </em></strong>Wilfrid Schroeder <a href="http://www.redlatif.org/wp-content/uploads/2015/11/Schroeder_VIIRS_Fire.compressed.pdf" target="_blank" rel="noreferrer noopener"><img loading="lazy" decoding="async" width="30" height="30" class="wp-image-2245" style="width: 30px;" src="http://www.redlatif.org/wp-content/uploads/2021/05/pdf.png" alt="" srcset="https://www.redlatif.org/wp-content/uploads/2021/05/pdf.png 225w, https://www.redlatif.org/wp-content/uploads/2021/05/pdf-150x150.png 150w, https://www.redlatif.org/wp-content/uploads/2021/05/pdf-80x80.png 80w" sizes="auto, (max-width: 30px) 100vw, 30px" /></a></p>



<p><strong>Detección y monitoreo de las áreas quemadas en México durante 2000 – 2014, utilizando productos MODIS – MCD45A1 &#8211; </strong>Lilia de Lourdes Manzo Delgado -UNAM – Mexico. <a href="http://www.redlatif.org/wp-content/uploads/2015/11/RedLaTIF_Manzo_2015.pdf" target="_blank" rel="noreferrer noopener"><img loading="lazy" decoding="async" width="30" height="30" class="wp-image-2245" style="width: 30px;" src="http://www.redlatif.org/wp-content/uploads/2021/05/pdf.png" alt="" srcset="https://www.redlatif.org/wp-content/uploads/2021/05/pdf.png 225w, https://www.redlatif.org/wp-content/uploads/2021/05/pdf-150x150.png 150w, https://www.redlatif.org/wp-content/uploads/2021/05/pdf-80x80.png 80w" sizes="auto, (max-width: 30px) 100vw, 30px" /></a></p>



<p><strong>Identificación áreas quemadas en México &#8211; </strong> Maria Isabel Cruz Lopez – Conabio – Mexico. <a href="http://www.redlatif.org/wp-content/uploads/2015/11/MICL_CONABIO_AreasQuemadas_15nvo2015.pptx" target="_blank" rel="noreferrer noopener"><img loading="lazy" decoding="async" width="30" height="30" class="wp-image-2245" style="width: 30px;" src="http://www.redlatif.org/wp-content/uploads/2021/05/pdf.png" alt="" srcset="https://www.redlatif.org/wp-content/uploads/2021/05/pdf.png 225w, https://www.redlatif.org/wp-content/uploads/2021/05/pdf-150x150.png 150w, https://www.redlatif.org/wp-content/uploads/2021/05/pdf-80x80.png 80w" sizes="auto, (max-width: 30px) 100vw, 30px" /></a></p>



<p><strong>Cartografía de áreas quemas usando Google Earth Engine &#8211;  </strong>Armando M. Rodriguez Montellano – FAN -Bolívia <a href="http://www.redlatif.org/wp-content/uploads/2015/11/RedLalTIF-Cartografia-areas-quemadas-GEE-Armando-Rodriguez-Montellano.pdf" target="_blank" rel="noreferrer noopener"><img loading="lazy" decoding="async" width="30" height="30" class="wp-image-2245" style="width: 30px;" src="http://www.redlatif.org/wp-content/uploads/2021/05/pdf.png" alt="" srcset="https://www.redlatif.org/wp-content/uploads/2021/05/pdf.png 225w, https://www.redlatif.org/wp-content/uploads/2021/05/pdf-150x150.png 150w, https://www.redlatif.org/wp-content/uploads/2021/05/pdf-80x80.png 80w" sizes="auto, (max-width: 30px) 100vw, 30px" /></a></p>



<p><strong>Monitoreo de área quemada, emisiones de gases com efecto invernadero, y riesgo de área quemada &#8211; </strong>Liana O. Anderson – Brasil – CEMADEN <a href="http://www.redlatif.org/wp-content/uploads/2015/11/Liana-talk-LaTIF-17nov2015_online.pdf" target="_blank" rel="noreferrer noopener"><img loading="lazy" decoding="async" width="30" height="30" class="wp-image-2245" style="width: 30px;" src="http://www.redlatif.org/wp-content/uploads/2021/05/pdf.png" alt="" srcset="https://www.redlatif.org/wp-content/uploads/2021/05/pdf.png 225w, https://www.redlatif.org/wp-content/uploads/2021/05/pdf-150x150.png 150w, https://www.redlatif.org/wp-content/uploads/2021/05/pdf-80x80.png 80w" sizes="auto, (max-width: 30px) 100vw, 30px" /></a></p>

<p>Workshop de Detección de Áreas Quemadas 2015 Por medio de RedLaTIF, la Red Latinoamericana de Teledetección e Incendios Forestales, se ha organizando el Workshop de Detección de Áreas Quemadas 2015 en el período de&#46;&#46;&#46;</p>
