{"id":2302,"date":"2021-05-08T17:51:38","date_gmt":"2021-05-08T19:51:38","guid":{"rendered":"http:\/\/www.redlatif.org\/?page_id=2302"},"modified":"2021-05-08T18:00:08","modified_gmt":"2021-05-08T20:00:08","slug":"reunion-2021","status":"publish","type":"page","link":"https:\/\/www.redlatif.org\/en\/reuniones\/reunion-2021\/","title":{"rendered":"Reuni\u00f3n 2021"},"content":{"rendered":"\n<h1 class=\"wp-block-heading\"><strong>Descripci\u00f3n general<\/strong><\/h1>\n\n\n\n<p>La reuni\u00f3n anual de la RedLaTIF se realiz\u00f3  en modo virtual, por la restricciones de la Pandemia de Covid-19. Se desarroll\u00f3 durante la tercera semana de Abril (d\u00edas 22 y 23 ) este evento cont\u00f3 con la participaci\u00f3n de todos los miembros y participantes de la red, donde presentaron sus experiencias, avances y tecnolog\u00edas desarrolladas en el periodo 2018-2021. De la misma forma, se tuvo invitados a otros representantes de redes, proyectos o instituciones que tambi\u00e9n presentaron sus avances m\u00e1s relevantes en el \u00e1mbito Latinoamericano. El objetivo de esta reuni\u00f3n es hacer visible todos los esfuerzos en el campo de la observaci\u00f3n remota que se encuentren en desarrollo y est\u00e1n disponibles para la comunidad latinoamericana\u00a0 de usuarios que trabajan o estudian los fen\u00f3menos asociados a los incendios de vegetaci\u00f3n y los cambios en el uso del suelo relacionados a los mismos. De esta manera, la Redlatif a trav\u00e9s de sus miembros especialistas, buscar\u00e1 acercar a los usuarios finales, la informaci\u00f3n m\u00e1s relevante y actualizada del momento, intentando as\u00ed mejorar las capacidades locales y regionales en el uso de la tecnolog\u00eda satelital y los sistemas de informaci\u00f3n geogr\u00e1fica para la gesti\u00f3n integral de los incendios forestales. A continuaci\u00f3n compartimos todas esas presentaciones en videos.<\/p>\n\n\n\n<p>Esta actividad resulta de un esfuerzo conjunto de RedLatif, (<a rel=\"noreferrer noopener\" href=\"http:\/\/www.redlatif.org\/\" target=\"_blank\">http:\/\/www.redlatif.org\/<\/a>), START (<a rel=\"noreferrer noopener\" href=\"http:\/\/start.org\/\" target=\"_blank\">http:\/\/start.org\/<\/a>) en apoyo a las actividades de GOFC-GOLD (<a rel=\"noreferrer noopener\" href=\"http:\/\/start.org\/programs\/gofc-gold\" target=\"_blank\">http:\/\/start.org\/programs\/gofc-gold<\/a>), <a href=\"https:\/\/cursogeoi.com\/\" target=\"_blank\" rel=\"noreferrer noopener\">Geoinformacion<\/a>. <\/p>\n\n\n\n<iframe loading=\"lazy\" width=\"560\" height=\"315\" src=\"https:\/\/www.youtube.com\/embed\/videoseries?list=PLFRF0yng8j39Hp2uXGGanxhc2qFQRDHeX\" title=\"YouTube video player\" frameborder=\"0\" allow=\"accelerometer; autoplay; clipboard-write; encrypted-media; gyroscope; picture-in-picture\" allowfullscreen=\"\"><\/iframe>\n\n\n\n<h2 class=\"wp-block-heading\">Temas<\/h2>\n\n\n\n<p><strong>Avances de la RedLaTIF en el \u00e1mbito Latinoamericano, proyectos de cooperaci\u00f3n regional, divulgaci\u00f3n virtual y capacitaciones<\/strong>. <em>(Nicolas A. Mari, INTA\/IG, Argentina)<\/em>. <a href=\"https:\/\/youtu.be\/iKP1Vqp94vw\" target=\"_blank\" rel=\"noreferrer noopener\">ver la ponencia grabada<\/a>. <\/p>\n\n\n\n<p><strong>NASA LCLUC programmatic perspective on GOFC-GOLD RedLaTIF <\/strong>(Garik Gutman, NASA HQ, USA) <a href=\"https:\/\/youtu.be\/_gEqA2yp1zU\" target=\"_blank\" rel=\"noreferrer noopener\">ver ponencia grabada. <\/a><\/p>\n\n\n\n<p><strong>Herramientas de monitoreo en la fase pre y post incendios dentro de la plataforma de Google Earth Engine <\/strong><em>(Armando Rodr\u00edguez, FAN, Bolivia)<\/em>. <a href=\"https:\/\/youtu.be\/bs8uOnQ19rA\" target=\"_blank\" rel=\"noreferrer noopener\">ver ponencia grabada. <\/a><\/p>\n\n\n\n<p><strong>Experiencias aplicadas al manejo de incendios forestales en Guatemala y Honduras. <\/strong>(<em>Alexander Ariza, UN-SPIDER, Alemania)<\/em>. <a href=\"https:\/\/youtu.be\/vM683TCi9jk\" target=\"_blank\" rel=\"noreferrer noopener\">ver ponencia grabada. <\/a><\/p>\n\n\n\n<p><strong>\u00cdndice de amenaza a la biodiversidad por incendios forestales, con base a la frecuencia y periodo de retorno del fuego<\/strong>. As\u00ed como an\u00e1lisis de \u00e1reas quemadas. <em>(Isabel Cruz, CONABIO, M\u00e9xico)<\/em>. <a href=\"https:\/\/youtu.be\/Do7lFsm57bw\" target=\"_blank\" rel=\"noreferrer noopener\">ver ponencia grabada. <\/a><\/p>\n\n\n\n<p><strong>Incendios en humedales del Delta del R\u00edo Paran\u00e1. An\u00e1lisis de sinergia \u00f3ptica (Sentinel 2) y radar (Saocom-1, Alos Palsar 2 y Sentinel-1). <\/strong>Integraci\u00f3n de las sensibilidades biol\u00f3gicas y f\u00edsicas de los sensores utilizados. Efectos de los Incendios del 2020, sobre grandes urbes <em>(H\u00e9ctor F. del Valle, jubilado del CENPAT, Argentina\/Walter Sione, UADER\/CEREGEO, Argentina).<\/em> <a href=\"https:\/\/youtu.be\/HQdZyHhxWMM\" target=\"_blank\" rel=\"noreferrer noopener\">ver ponencia grabada. <\/a><\/p>\n\n\n\n<p><strong>Algoritmo de detecci\u00f3n de puntos de calor mediante im\u00e1genes GOES 16. Descripci\u00f3n del sistema operativo y sus aplicaciones. <\/strong><em>(Lilia Manzo, UNAM, M\u00e9xico)<\/em>. <a href=\"https:\/\/youtu.be\/K_AN1Wk5ypk\" target=\"_blank\" rel=\"noreferrer noopener\">ver ponencia grabada.<\/a><\/p>\n\n\n\n<p><strong>Avances sobre la predicci\u00f3n de la probabilidad de ignici\u00f3n y propagaci\u00f3n de los incendios forestales en escenarios de cambio clim\u00e1tico en Chile.<\/strong> <em>(John Gajardo, Universidad Austral, Chile)<\/em>. <a href=\"https:\/\/youtu.be\/KUEMeKzkdlA\" target=\"_blank\" rel=\"noreferrer noopener\">ver ponencia grabada. <\/a><\/p>\n\n\n\n<p><strong>Avances recientes del proyecto FireCCI (proceso de S-2 sobre \u00c1frica; desarrollo de un nuevo BA algoritmo para el producto SYN del S-3; de la ESA y puesta en marcha de un proyecto europeo sobre riesgo de incendios (FirEUrisk).<\/strong> <em>(Emilio Chuvieco, Universidad de Alcal\u00e1, Espa\u00f1a)<\/em>. <a href=\"https:\/\/youtu.be\/GyQ2Io65C9Q\" target=\"_blank\" rel=\"noreferrer noopener\">ver ponencia grabada. <\/a><\/p>\n\n\n\n<p><strong>Presentaci\u00f3n de los trabajos que est\u00e1 desarrollando en CONAF en el \u00e1mbito operativo para dar respuesta a los incendios forestales en Chile.<\/strong> Se mostrar\u00e1n ejemplos de la simulaci\u00f3n de incendios forestales y del seguimiento y de la evoluci\u00f3n de \u00e9stos, as\u00ed como de los avances en el c\u00e1lculo de \u00e1rea quemada y severidad mediante la plataforma Google Earth Engine. <em>(Jordi Brul, CONAF, Chile)<\/em> <a href=\"https:\/\/youtu.be\/s0SwViLlRsI\" target=\"_blank\" rel=\"noreferrer noopener\">ver ponencia grabada. <\/a><\/p>\n\n\n\n<p><strong>Update on GOES-R\/ABI, JPSS\/VIIRS, and Sentinel-3\/SLSTR active fire algorithm status and applications <\/strong><em>(Wilfrid Schroeder &amp; Ivan Csiszar, NOAA, USA)<\/em>. <a href=\"https:\/\/youtu.be\/zF_5gcvFCEU\" target=\"_blank\" rel=\"noreferrer noopener\">ver ponencia grabada. <\/a><\/p>\n\n\n\n<p><strong>Se presentar\u00e1n los resultados del proyecto sobre Riesgo de Fuego y metodolog\u00eda de validaci\u00f3n de focos en el INPE. <\/strong><em>(Fabiano Morelli, INPE, Brazil)<\/em>. <a href=\"https:\/\/youtu.be\/zoRgs11oBVY\" target=\"_blank\" rel=\"noreferrer noopener\">ver ponencia grabada.<\/a><\/p>\n\n\n\n<p><strong>Resultados del proyecto sobre el desarrollo de un algoritmo autom\u00e1tico para la cartograf\u00eda de \u00e1rea quemada en Chile mediante Google Earth Engine<\/strong>. <em>(Patricia Oliva, Universidad Mayor, Chile)<\/em> <a href=\"https:\/\/youtu.be\/DCKSa_tCa8c\" target=\"_blank\" rel=\"noreferrer noopener\">ver ponencia grabada. <\/a><\/p>\n\n\n\n<p><strong>Detecci\u00f3n de niveles de severidad de incendios forestales a trav\u00e9s de im\u00e1genes da sat\u00e9lite <em>(Germ\u00e1n Flores, M\u00e9xico)<\/em>.<\/strong> <a href=\"https:\/\/youtu.be\/CCimYwhE7x4\" target=\"_blank\" rel=\"noreferrer noopener\">ver ponencia grabada.<\/a> <\/p>\n\n\n\n<p><strong>Taller interactivo \u201cTools for Analyzing Time Series of Satellite Imagery (<a href=\"https:\/\/github.com\/gerardoLopez\/TATSSI\/\">TATSSI<\/a>)<\/strong>\u201d. El taller permitir\u00e1 procesar datos de MODIS\/VIIRS enfocados en el an\u00e1lisis de series de tiempo para analizar efectos post-fuego en diversas \u00e1reas en Latinoam\u00e9rica. <em>(Gerardo L\u00f3pez, Assimila, UK)<\/em>. <a href=\"https:\/\/youtu.be\/-JdQF_SH0NQ\" target=\"_blank\" rel=\"noreferrer noopener\">ver ponencia grabada. <\/a><\/p>\n\n\n\n<p><strong>Comportamiento espacio-temporal de ocurrencia de incendios en vegetaci\u00f3n en Cuba con el empleo de datos de sat\u00e9lites.<\/strong> <em>(Eva Mej\u00edas Sede\u00f1o, INSMET, Cuba)<\/em>. <a href=\"https:\/\/youtu.be\/B5wYY4F2rhY\" target=\"_blank\" rel=\"noreferrer noopener\">ver ponencia grabada. <\/a><\/p>\n","protected":false},"excerpt":{"rendered":"<p>Descripci\u00f3n general La reuni\u00f3n anual de la RedLaTIF se realiz\u00f3 en modo virtual, por la restricciones de la Pandemia de Covid-19. Se desarroll\u00f3 durante la tercera semana de Abril (d\u00edas 22 y 23 )&#46;&#46;&#46;<\/p>\n","protected":false},"author":29,"featured_media":0,"parent":2225,"menu_order":3,"comment_status":"closed","ping_status":"closed","template":"","meta":{"ngg_post_thumbnail":0,"footnotes":""},"class_list":["post-2302","page","type-page","status-publish","hentry"],"_links":{"self":[{"href":"https:\/\/www.redlatif.org\/en\/wp-json\/wp\/v2\/pages\/2302","targetHints":{"allow":["GET"]}}],"collection":[{"href":"https:\/\/www.redlatif.org\/en\/wp-json\/wp\/v2\/pages"}],"about":[{"href":"https:\/\/www.redlatif.org\/en\/wp-json\/wp\/v2\/types\/page"}],"author":[{"embeddable":true,"href":"https:\/\/www.redlatif.org\/en\/wp-json\/wp\/v2\/users\/29"}],"replies":[{"embeddable":true,"href":"https:\/\/www.redlatif.org\/en\/wp-json\/wp\/v2\/comments?post=2302"}],"version-history":[{"count":3,"href":"https:\/\/www.redlatif.org\/en\/wp-json\/wp\/v2\/pages\/2302\/revisions"}],"predecessor-version":[{"id":2309,"href":"https:\/\/www.redlatif.org\/en\/wp-json\/wp\/v2\/pages\/2302\/revisions\/2309"}],"up":[{"embeddable":true,"href":"https:\/\/www.redlatif.org\/en\/wp-json\/wp\/v2\/pages\/2225"}],"wp:attachment":[{"href":"https:\/\/www.redlatif.org\/en\/wp-json\/wp\/v2\/media?parent=2302"}],"curies":[{"name":"wp","href":"https:\/\/api.w.org\/{rel}","templated":true}]}}

Reunión 2021

<h1 class="wp-block-heading"><strong>Descripción general</strong></h1>



<p>La reunión anual de la RedLaTIF se realizó  en modo virtual, por la restricciones de la Pandemia de Covid-19. Se desarrolló durante la tercera semana de Abril (días 22 y 23 ) este evento contó con la participación de todos los miembros y participantes de la red, donde presentaron sus experiencias, avances y tecnologías desarrolladas en el periodo 2018-2021. De la misma forma, se tuvo invitados a otros representantes de redes, proyectos o instituciones que también presentaron sus avances más relevantes en el ámbito Latinoamericano. El objetivo de esta reunión es hacer visible todos los esfuerzos en el campo de la observación remota que se encuentren en desarrollo y están disponibles para la comunidad latinoamericana  de usuarios que trabajan o estudian los fenómenos asociados a los incendios de vegetación y los cambios en el uso del suelo relacionados a los mismos. De esta manera, la Redlatif a través de sus miembros especialistas, buscará acercar a los usuarios finales, la información más relevante y actualizada del momento, intentando así mejorar las capacidades locales y regionales en el uso de la tecnología satelital y los sistemas de información geográfica para la gestión integral de los incendios forestales. A continuación compartimos todas esas presentaciones en videos.</p>



<p>Esta actividad resulta de un esfuerzo conjunto de RedLatif, (<a rel="noreferrer noopener" href="http://www.redlatif.org/" target="_blank">http://www.redlatif.org/</a>), START (<a rel="noreferrer noopener" href="http://start.org/" target="_blank">http://start.org/</a>) en apoyo a las actividades de GOFC-GOLD (<a rel="noreferrer noopener" href="http://start.org/programs/gofc-gold" target="_blank">http://start.org/programs/gofc-gold</a>), <a href="https://cursogeoi.com/" target="_blank" rel="noreferrer noopener">Geoinformacion</a>. </p>



<iframe loading="lazy" width="560" height="315" src="https://www.youtube.com/embed/videoseries?list=PLFRF0yng8j39Hp2uXGGanxhc2qFQRDHeX" title="YouTube video player" frameborder="0" allow="accelerometer; autoplay; clipboard-write; encrypted-media; gyroscope; picture-in-picture" allowfullscreen=""></iframe>



<h2 class="wp-block-heading">Temas</h2>



<p><strong>Avances de la RedLaTIF en el ámbito Latinoamericano, proyectos de cooperación regional, divulgación virtual y capacitaciones</strong>. <em>(Nicolas A. Mari, INTA/IG, Argentina)</em>. <a href="https://youtu.be/iKP1Vqp94vw" target="_blank" rel="noreferrer noopener">ver la ponencia grabada</a>. </p>



<p><strong>NASA LCLUC programmatic perspective on GOFC-GOLD RedLaTIF </strong>(Garik Gutman, NASA HQ, USA) <a href="https://youtu.be/_gEqA2yp1zU" target="_blank" rel="noreferrer noopener">ver ponencia grabada. </a></p>



<p><strong>Herramientas de monitoreo en la fase pre y post incendios dentro de la plataforma de Google Earth Engine </strong><em>(Armando Rodríguez, FAN, Bolivia)</em>. <a href="https://youtu.be/bs8uOnQ19rA" target="_blank" rel="noreferrer noopener">ver ponencia grabada. </a></p>



<p><strong>Experiencias aplicadas al manejo de incendios forestales en Guatemala y Honduras. </strong>(<em>Alexander Ariza, UN-SPIDER, Alemania)</em>. <a href="https://youtu.be/vM683TCi9jk" target="_blank" rel="noreferrer noopener">ver ponencia grabada. </a></p>



<p><strong>Índice de amenaza a la biodiversidad por incendios forestales, con base a la frecuencia y periodo de retorno del fuego</strong>. Así como análisis de áreas quemadas. <em>(Isabel Cruz, CONABIO, México)</em>. <a href="https://youtu.be/Do7lFsm57bw" target="_blank" rel="noreferrer noopener">ver ponencia grabada. </a></p>



<p><strong>Incendios en humedales del Delta del Río Paraná. Análisis de sinergia óptica (Sentinel 2) y radar (Saocom-1, Alos Palsar 2 y Sentinel-1). </strong>Integración de las sensibilidades biológicas y físicas de los sensores utilizados. Efectos de los Incendios del 2020, sobre grandes urbes <em>(Héctor F. del Valle, jubilado del CENPAT, Argentina/Walter Sione, UADER/CEREGEO, Argentina).</em> <a href="https://youtu.be/HQdZyHhxWMM" target="_blank" rel="noreferrer noopener">ver ponencia grabada. </a></p>



<p><strong>Algoritmo de detección de puntos de calor mediante imágenes GOES 16. Descripción del sistema operativo y sus aplicaciones. </strong><em>(Lilia Manzo, UNAM, México)</em>. <a href="https://youtu.be/K_AN1Wk5ypk" target="_blank" rel="noreferrer noopener">ver ponencia grabada.</a></p>



<p><strong>Avances sobre la predicción de la probabilidad de ignición y propagación de los incendios forestales en escenarios de cambio climático en Chile.</strong> <em>(John Gajardo, Universidad Austral, Chile)</em>. <a href="https://youtu.be/KUEMeKzkdlA" target="_blank" rel="noreferrer noopener">ver ponencia grabada. </a></p>



<p><strong>Avances recientes del proyecto FireCCI (proceso de S-2 sobre África; desarrollo de un nuevo BA algoritmo para el producto SYN del S-3; de la ESA y puesta en marcha de un proyecto europeo sobre riesgo de incendios (FirEUrisk).</strong> <em>(Emilio Chuvieco, Universidad de Alcalá, España)</em>. <a href="https://youtu.be/GyQ2Io65C9Q" target="_blank" rel="noreferrer noopener">ver ponencia grabada. </a></p>



<p><strong>Presentación de los trabajos que está desarrollando en CONAF en el ámbito operativo para dar respuesta a los incendios forestales en Chile.</strong> Se mostrarán ejemplos de la simulación de incendios forestales y del seguimiento y de la evolución de éstos, así como de los avances en el cálculo de área quemada y severidad mediante la plataforma Google Earth Engine. <em>(Jordi Brul, CONAF, Chile)</em> <a href="https://youtu.be/s0SwViLlRsI" target="_blank" rel="noreferrer noopener">ver ponencia grabada. </a></p>



<p><strong>Update on GOES-R/ABI, JPSS/VIIRS, and Sentinel-3/SLSTR active fire algorithm status and applications </strong><em>(Wilfrid Schroeder &amp; Ivan Csiszar, NOAA, USA)</em>. <a href="https://youtu.be/zF_5gcvFCEU" target="_blank" rel="noreferrer noopener">ver ponencia grabada. </a></p>



<p><strong>Se presentarán los resultados del proyecto sobre Riesgo de Fuego y metodología de validación de focos en el INPE. </strong><em>(Fabiano Morelli, INPE, Brazil)</em>. <a href="https://youtu.be/zoRgs11oBVY" target="_blank" rel="noreferrer noopener">ver ponencia grabada.</a></p>



<p><strong>Resultados del proyecto sobre el desarrollo de un algoritmo automático para la cartografía de área quemada en Chile mediante Google Earth Engine</strong>. <em>(Patricia Oliva, Universidad Mayor, Chile)</em> <a href="https://youtu.be/DCKSa_tCa8c" target="_blank" rel="noreferrer noopener">ver ponencia grabada. </a></p>



<p><strong>Detección de niveles de severidad de incendios forestales a través de imágenes da satélite <em>(Germán Flores, México)</em>.</strong> <a href="https://youtu.be/CCimYwhE7x4" target="_blank" rel="noreferrer noopener">ver ponencia grabada.</a> </p>



<p><strong>Taller interactivo “Tools for Analyzing Time Series of Satellite Imagery (<a href="https://github.com/gerardoLopez/TATSSI/">TATSSI</a>)</strong>”. El taller permitirá procesar datos de MODIS/VIIRS enfocados en el análisis de series de tiempo para analizar efectos post-fuego en diversas áreas en Latinoamérica. <em>(Gerardo López, Assimila, UK)</em>. <a href="https://youtu.be/-JdQF_SH0NQ" target="_blank" rel="noreferrer noopener">ver ponencia grabada. </a></p>



<p><strong>Comportamiento espacio-temporal de ocurrencia de incendios en vegetación en Cuba con el empleo de datos de satélites.</strong> <em>(Eva Mejías Sedeño, INSMET, Cuba)</em>. <a href="https://youtu.be/B5wYY4F2rhY" target="_blank" rel="noreferrer noopener">ver ponencia grabada. </a></p>

<p>Descripción general La reunión anual de la RedLaTIF se realizó en modo virtual, por la restricciones de la Pandemia de Covid-19. Se desarrolló durante la tercera semana de Abril (días 22 y 23 )&#46;&#46;&#46;</p>
