{"id":660,"date":"2015-01-12T15:11:46","date_gmt":"2015-01-12T17:11:46","guid":{"rendered":"http:\/\/sirc.dgi.inpe.br\/redlatif\/?page_id=660"},"modified":"2022-07-11T11:45:50","modified_gmt":"2022-07-11T15:45:50","slug":"participantes","status":"publish","type":"page","link":"https:\/\/www.redlatif.org\/pt\/participantes\/","title":{"rendered":"(Espa\u00f1ol) Participantes"},"content":{"rendered":"<p><\/p>\n<h3 style=\"color: #e5322d;\"><strong>ARGENTINA:<\/strong><\/h3>\n<hr \/>\n<table>\n<tbody>\n<tr>\n<td>\n<h3>Pamela Zamboni<\/h3>\n<p>Investigadora<\/p>\n<div>Universidad Aut\u00f3noma de Entre R\u00edos, Centro Regional de Geom\u00e1tica<\/div>\n<div>Tel: 0054-343-4072337<\/div>\n<div>email: pamelazamboni@gmail.com<\/div>\n<h3>L\u00edneas de investigaci\u00f3n:<\/h3>\n<p>Ecolog\u00eda del fuego.<\/td>\n<td>&nbsp;<\/td>\n<\/tr>\n<tr>\n<td>\n<h3>Mar\u00eda de los \u00c1ngeles Fischer<\/h3>\n<p>Investigadora<\/p>\n<div>Instituto Nacional de Tecnolog\u00eda Agropecuaria (INTA)<\/div>\n<div>email: afischer@cnia.inta.gov.ar<\/div>\n<h3>L\u00edneas de investigaci\u00f3n:<\/h3>\n<p>Incendios forestales, cobertura del suelo.<\/td>\n<td>&nbsp;<\/td>\n<\/tr>\n<tr>\n<td>\n<h3>Julieta Straschnoy<\/h3>\n<p>Investigadora<\/p>\n<div>Instituto Nacional de Tecnolog\u00eda Agropecuaria (INTA)<\/div>\n<div>email: jstraschnoy@cnia.inta.gov.ar<\/div>\n<h3>L\u00edneas de investigaci\u00f3n:<\/h3>\n<\/td>\n<td>&nbsp;<\/td>\n<\/tr>\n<tr>\n<td>&nbsp;<\/td>\n<td>&nbsp;<\/td>\n<\/tr>\n<tr>\n<td>&nbsp;<\/td>\n<td>&nbsp;<\/td>\n<\/tr>\n<tr>\n<td>\n<h3>Stefan\u00eda Monella<\/h3>\n<p>Ingeniera Ambiental<\/p>\n<div>Becaria \u2013 Maestr\u00eda en Aplicaciones Espaciales de Alerta y Respuesta Temprana a Emergencias \u2013 Instituto Mario Gulich &#8211; CONAET<\/div>\n<div>email: monelita@gmail.com<\/div>\n<h3>L\u00edneas de investigaci\u00f3n:<\/h3>\n<p>Aplicaciones de sensores remotos para la estimaci\u00f3n de humedad de suelo, modelaci\u00f3n Ambiental.<\/td>\n<td>&nbsp;<\/td>\n<\/tr>\n<tr>\n<td>\n<h3>Gonzalo Quiroga<\/h3>\n<p>Bi\u00f3logo<\/p>\n<div>Centro de Ecologi\u00b4a y Recursos Naturales Renovables Dr. R. Luti (CERNAR-UNC)<\/div>\n<div>Tel: +5493516308052<\/div>\n<div>email: quirogagonzalo@gmail.com<\/div>\n<h3>L\u00edneas de investigaci\u00f3n:<\/h3>\n<p>Aplicaciones de sensores remotos y Sistemas de Informaci\u00f3n Geogr\u00e1fica para la generaci\u00f3n de \u00cdndices de Probabilidad de Incendio (FPI), utilizaci\u00f3n de l\u00edquenes como bioindicadores en zonas boscosas y urbanas.<\/td>\n<td>&nbsp;<\/td>\n<\/tr>\n<tr>\n<td>\n<h3>Laura P. Zalazar<\/h3>\n<p>Bi\u00f3loga<\/p>\n<div>Becaria &#8211; Instituto Gulich-CONAE (Comisi\u00f3n Nacional de Actividades Espaciales)<\/div>\n<div>email: lpzalazar@gmail.com<\/div>\n<h3>L\u00edneas de investigaci\u00f3n:<\/h3>\n<p>Aplicaciones de sensores remotos y sistemas de informaci\u00f3n geogr\u00e1fica para la generaci\u00f3n de modelos de combustibles.<\/td>\n<td>&nbsp;<\/td>\n<\/tr>\n<tr>\n<td>\n<h3>Dr. Carlos M. Di Bella<\/h3>\n<p>Investigador Planta Permanente \u2013 Coordinador interino del \u00c1rea de Teledetecci\u00f3n y SIG \u2013 CyA<\/p>\n<div>INTA-Instituto de Clima y Agua (CyA)<\/div>\n<div>email: cdibella@cnia.inta.gov.ar<\/div>\n<h3>L\u00edneas de investigaci\u00f3n:<\/h3>\n<p>Aplicaciones de la teledetecci\u00f3n al estudio de los recursos naturales.<\/td>\n<td>&nbsp;<\/td>\n<\/tr>\n<\/tbody>\n<\/table>\n<h3 style=\"color: #e5322d;\"><strong style=\"font-size: 16px;\">CHILE:<\/strong><\/h3>\n<hr \/>\n<table>\n<tbody>\n<tr>\n<td>\n<h3>Dra. Patricia Oliva<\/h3>\n<p>Profesi\u00f3n:<\/p>\n<div>Investigadora en Hemera &#8211; Centro de Observaci\u00f3n de la Tierra<br \/>\nVicerrector\u00eda de Investigaci\u00f3n<br \/>\nUniversidad Mayor<\/div>\n<div>email: patricia.olivap@gmail.com<\/div>\n<h3>L\u00edneas de investigaci\u00f3n:<\/h3>\n<p>Incendios<\/td>\n<td>&nbsp;<\/td>\n<\/tr>\n<tr>\n<td>\n<h3>&nbsp;<\/h3>\n<\/td>\n<td>&nbsp;<\/td>\n<\/tr>\n<\/tbody>\n<\/table>\n<h3 style=\"color: #e5322d;\"><strong>COLOMBIA:<\/strong><\/h3>\n<hr \/>\n<table>\n<tbody>\n<tr>\n<td>\n<h3>Germ\u00e1n Mauricio Valencia<\/h3>\n<p>Ingeniero Ambiental<\/p>\n<div>Universidad de San Buenaventura. Medell\u00edn<\/div>\n<div>email: german.valencia@usbmed.edu.co<\/div>\n<h3>L\u00edneas de investigaci\u00f3n:<\/h3>\n<p>Estimaci\u00f3n de emisi\u00f3n de gases efecto invernadero por quema de biomasa.<\/td>\n<td>&nbsp;<\/td>\n<\/tr>\n<\/tbody>\n<\/table>\n<h3 style=\"color: #e5322d;\">&nbsp;<\/h3>\n<table>\n<tbody>\n<tr>\n<td>\n<h3>Dolors Armenteras<\/h3>\n<p>Bi\u00f3loga<\/p>\n<div>PhD Geography (King&#8217;s College London)<\/div>\n<div>email:&nbsp;darmenterasp@unal.edu.co<\/div>\n<h3>L\u00edneas de investigaci\u00f3n:<\/h3>\n<p>Geograf\u00eda y ecolog\u00eda del fuego, incendios y deforestaci\u00f3n tropical.<\/td>\n<td>&nbsp;<\/td>\n<\/tr>\n<\/tbody>\n<\/table>\n<h3 style=\"color: #e5322d;\"><strong>COSTA RICA:<\/strong><\/h3>\n<hr \/>\n<table>\n<tbody>\n<tr>\n<td>\n<h3>Luis Diego Roman<\/h3>\n<div>Sistema Nacional de \u00c1reas de Conservaci\u00f3n, Ministerio del Ambiente, Costa Rica.Tel: 256-0917email: diego.roman@sinac.go.cr<\/div>\n<h3>L\u00edneas de investigaci\u00f3n:<\/h3>\n<p>Manejo del fuego.<\/td>\n<td>&nbsp;<\/td>\n<\/tr>\n<\/tbody>\n<\/table>\n<h3><strong>CUBA:<\/strong><\/h3>\n<hr \/>\n<table>\n<tbody>\n<tr>\n<td>\n<h3>Eva Mejias Sede\u00f1o<\/h3>\n<p>Investigadora<\/p>\n<div>Instituto de Meteorolog\u00eda (INSMET), Ciudad de la Habana, Cuba.Tel: 53 78670714email: diego.roman@sinac.go.cr<\/div>\n<h3>L\u00edneas de investigaci\u00f3n:<\/h3>\n<p>Recursos naturales, sistema de alerta temprana de incendios forestales.<\/td>\n<td>&nbsp;<\/td>\n<\/tr>\n<\/tbody>\n<\/table>\n<h3 style=\"color: #e5322d;\"><strong>PER\u00da:<\/strong><\/h3>\n<hr \/>\n<table>\n<tbody>\n<tr>\n<td>\n<h3>Dra. Mar\u00eda Isabel Manta Nolasco<\/h3>\n<p>Investigadora<\/p>\n<div>Facultad de Ciencias Forestales, Universidad Nacional Agraria La Molina.Tel:email: mmanta@lamolina.edu.pe<\/div>\n<h3>L\u00edneas de investigaci\u00f3n:<\/h3>\n<p>Protecci\u00f3n de bosque tropical, incendios forestales.<\/td>\n<td>&nbsp;<\/td>\n<\/tr>\n<\/tbody>\n<\/table>\n<p>&nbsp;<\/p>","protected":false},"excerpt":{"rendered":"<p>ARGENTINA: Pamela Zamboni Investigadora Universidad Aut\u00f3noma de Entre R\u00edos, Centro Regional de Geom\u00e1tica Tel: 0054-343-4072337 email: pamelazamboni@gmail.com L\u00edneas de investigaci\u00f3n: Ecolog\u00eda del fuego. &nbsp; Mar\u00eda de los \u00c1ngeles Fischer Investigadora Instituto Nacional de Tecnolog\u00eda&#46;&#46;&#46;<\/p>\n","protected":false},"author":1,"featured_media":0,"parent":0,"menu_order":0,"comment_status":"closed","ping_status":"closed","template":"","meta":{"ngg_post_thumbnail":0,"footnotes":""},"class_list":["post-660","page","type-page","status-publish","hentry"],"_links":{"self":[{"href":"https:\/\/www.redlatif.org\/pt\/wp-json\/wp\/v2\/pages\/660","targetHints":{"allow":["GET"]}}],"collection":[{"href":"https:\/\/www.redlatif.org\/pt\/wp-json\/wp\/v2\/pages"}],"about":[{"href":"https:\/\/www.redlatif.org\/pt\/wp-json\/wp\/v2\/types\/page"}],"author":[{"embeddable":true,"href":"https:\/\/www.redlatif.org\/pt\/wp-json\/wp\/v2\/users\/1"}],"replies":[{"embeddable":true,"href":"https:\/\/www.redlatif.org\/pt\/wp-json\/wp\/v2\/comments?post=660"}],"version-history":[{"count":35,"href":"https:\/\/www.redlatif.org\/pt\/wp-json\/wp\/v2\/pages\/660\/revisions"}],"predecessor-version":[{"id":2377,"href":"https:\/\/www.redlatif.org\/pt\/wp-json\/wp\/v2\/pages\/660\/revisions\/2377"}],"wp:attachment":[{"href":"https:\/\/www.redlatif.org\/pt\/wp-json\/wp\/v2\/media?parent=660"}],"curies":[{"name":"wp","href":"https:\/\/api.w.org\/{rel}","templated":true}]}}

(Español) Participantes

<p></p>
<h3 style="color: #e5322d;"><strong>ARGENTINA:</strong></h3>
<hr />
<table>
<tbody>
<tr>
<td>
<h3>Pamela Zamboni</h3>
<p>Investigadora</p>
<div>Universidad Autónoma de Entre Ríos, Centro Regional de Geomática</div>
<div>Tel: 0054-343-4072337</div>
<div>email: pamelazamboni@gmail.com</div>
<h3>Líneas de investigación:</h3>
<p>Ecología del fuego.</td>
<td>&nbsp;</td>
</tr>
<tr>
<td>
<h3>María de los Ángeles Fischer</h3>
<p>Investigadora</p>
<div>Instituto Nacional de Tecnología Agropecuaria (INTA)</div>
<div>email: afischer@cnia.inta.gov.ar</div>
<h3>Líneas de investigación:</h3>
<p>Incendios forestales, cobertura del suelo.</td>
<td>&nbsp;</td>
</tr>
<tr>
<td>
<h3>Julieta Straschnoy</h3>
<p>Investigadora</p>
<div>Instituto Nacional de Tecnología Agropecuaria (INTA)</div>
<div>email: jstraschnoy@cnia.inta.gov.ar</div>
<h3>Líneas de investigación:</h3>
</td>
<td>&nbsp;</td>
</tr>
<tr>
<td>&nbsp;</td>
<td>&nbsp;</td>
</tr>
<tr>
<td>&nbsp;</td>
<td>&nbsp;</td>
</tr>
<tr>
<td>
<h3>Stefanía Monella</h3>
<p>Ingeniera Ambiental</p>
<div>Becaria – Maestría en Aplicaciones Espaciales de Alerta y Respuesta Temprana a Emergencias – Instituto Mario Gulich &#8211; CONAET</div>
<div>email: monelita@gmail.com</div>
<h3>Líneas de investigación:</h3>
<p>Aplicaciones de sensores remotos para la estimación de humedad de suelo, modelación Ambiental.</td>
<td>&nbsp;</td>
</tr>
<tr>
<td>
<h3>Gonzalo Quiroga</h3>
<p>Biólogo</p>
<div>Centro de Ecologi´a y Recursos Naturales Renovables Dr. R. Luti (CERNAR-UNC)</div>
<div>Tel: +5493516308052</div>
<div>email: quirogagonzalo@gmail.com</div>
<h3>Líneas de investigación:</h3>
<p>Aplicaciones de sensores remotos y Sistemas de Información Geográfica para la generación de Índices de Probabilidad de Incendio (FPI), utilización de líquenes como bioindicadores en zonas boscosas y urbanas.</td>
<td>&nbsp;</td>
</tr>
<tr>
<td>
<h3>Laura P. Zalazar</h3>
<p>Bióloga</p>
<div>Becaria &#8211; Instituto Gulich-CONAE (Comisión Nacional de Actividades Espaciales)</div>
<div>email: lpzalazar@gmail.com</div>
<h3>Líneas de investigación:</h3>
<p>Aplicaciones de sensores remotos y sistemas de información geográfica para la generación de modelos de combustibles.</td>
<td>&nbsp;</td>
</tr>
<tr>
<td>
<h3>Dr. Carlos M. Di Bella</h3>
<p>Investigador Planta Permanente – Coordinador interino del Área de Teledetección y SIG – CyA</p>
<div>INTA-Instituto de Clima y Agua (CyA)</div>
<div>email: cdibella@cnia.inta.gov.ar</div>
<h3>Líneas de investigación:</h3>
<p>Aplicaciones de la teledetección al estudio de los recursos naturales.</td>
<td>&nbsp;</td>
</tr>
</tbody>
</table>
<h3 style="color: #e5322d;"><strong style="font-size: 16px;">CHILE:</strong></h3>
<hr />
<table>
<tbody>
<tr>
<td>
<h3>Dra. Patricia Oliva</h3>
<p>Profesión:</p>
<div>Investigadora en Hemera &#8211; Centro de Observación de la Tierra<br />
Vicerrectoría de Investigación<br />
Universidad Mayor</div>
<div>email: patricia.olivap@gmail.com</div>
<h3>Líneas de investigación:</h3>
<p>Incendios</td>
<td>&nbsp;</td>
</tr>
<tr>
<td>
<h3>&nbsp;</h3>
</td>
<td>&nbsp;</td>
</tr>
</tbody>
</table>
<h3 style="color: #e5322d;"><strong>COLOMBIA:</strong></h3>
<hr />
<table>
<tbody>
<tr>
<td>
<h3>Germán Mauricio Valencia</h3>
<p>Ingeniero Ambiental</p>
<div>Universidad de San Buenaventura. Medellín</div>
<div>email: german.valencia@usbmed.edu.co</div>
<h3>Líneas de investigación:</h3>
<p>Estimación de emisión de gases efecto invernadero por quema de biomasa.</td>
<td>&nbsp;</td>
</tr>
</tbody>
</table>
<h3 style="color: #e5322d;">&nbsp;</h3>
<table>
<tbody>
<tr>
<td>
<h3>Dolors Armenteras</h3>
<p>Bióloga</p>
<div>PhD Geography (King&#8217;s College London)</div>
<div>email:&nbsp;darmenterasp@unal.edu.co</div>
<h3>Líneas de investigación:</h3>
<p>Geografía y ecología del fuego, incendios y deforestación tropical.</td>
<td>&nbsp;</td>
</tr>
</tbody>
</table>
<h3 style="color: #e5322d;"><strong>COSTA RICA:</strong></h3>
<hr />
<table>
<tbody>
<tr>
<td>
<h3>Luis Diego Roman</h3>
<div>Sistema Nacional de Áreas de Conservación, Ministerio del Ambiente, Costa Rica.Tel: 256-0917email: diego.roman@sinac.go.cr</div>
<h3>Líneas de investigación:</h3>
<p>Manejo del fuego.</td>
<td>&nbsp;</td>
</tr>
</tbody>
</table>
<h3><strong>CUBA:</strong></h3>
<hr />
<table>
<tbody>
<tr>
<td>
<h3>Eva Mejias Sedeño</h3>
<p>Investigadora</p>
<div>Instituto de Meteorología (INSMET), Ciudad de la Habana, Cuba.Tel: 53 78670714email: diego.roman@sinac.go.cr</div>
<h3>Líneas de investigación:</h3>
<p>Recursos naturales, sistema de alerta temprana de incendios forestales.</td>
<td>&nbsp;</td>
</tr>
</tbody>
</table>
<h3 style="color: #e5322d;"><strong>PERÚ:</strong></h3>
<hr />
<table>
<tbody>
<tr>
<td>
<h3>Dra. María Isabel Manta Nolasco</h3>
<p>Investigadora</p>
<div>Facultad de Ciencias Forestales, Universidad Nacional Agraria La Molina.Tel:email: mmanta@lamolina.edu.pe</div>
<h3>Líneas de investigación:</h3>
<p>Protección de bosque tropical, incendios forestales.</td>
<td>&nbsp;</td>
</tr>
</tbody>
</table>
<p>&nbsp;</p>

<p>ARGENTINA: Pamela Zamboni Investigadora Universidad Autónoma de Entre Ríos, Centro Regional de Geomática Tel: 0054-343-4072337 email: pamelazamboni@gmail.com Líneas de investigación: Ecología del fuego. &nbsp; María de los Ángeles Fischer Investigadora Instituto Nacional de Tecnología&#46;&#46;&#46;</p>
