{"id":83,"date":"2014-11-06T08:19:24","date_gmt":"2014-11-06T10:19:24","guid":{"rendered":"http:\/\/sirc.dgi.inpe.br\/redlatif\/?page_id=83"},"modified":"2016-12-16T14:25:55","modified_gmt":"2016-12-16T16:25:55","slug":"noticias","status":"publish","type":"page","link":"https:\/\/www.redlatif.org\/pt\/noticias\/","title":{"rendered":"Not\u00edcias"},"content":{"rendered":"<p><\/p>\n<h2>An\u00e1lises de not\u00edcias sobre inc\u00eandios para Am\u00e9rica do Sul e Caribe<\/h2>\n<p><strong>Autores:<\/strong> Gimena Podest\u00e1, Emiliano Melchiori, Alberto Setzer, Fabiano Morelli,\u00a0Debora Moraes<\/p>\n<h3>Inc\u00eandios florestais nos meios de comunica\u00e7\u00e3o<\/h3>\n<p>O objetivo desta se\u00e7\u00e3o que se apresenta \u00e9 realizar uma pesquisa das not\u00edcias que aparacem nos meios de comunica\u00e7\u00e3o sobre a ocorr\u00eancia e pesquisa de inc\u00eandios nas vegeta\u00e7\u00f5es, acompanhando as informa\u00e7\u00f5es, quando poss\u00edvel, a detec\u00e7\u00e3o via sat\u00e9lites de focos de calor do sistema BDQUEIMADAS do INPE.<\/p>\n<p>Com estes dados, not\u00edcias e focos de calor, pretende-se realizar uma dupla verifica\u00e7\u00e3o sobre a realidade dos inc\u00eandios na Am\u00e9rica do Sul e Caribe. De um lado, o interesse dos meios de comunica\u00e7\u00e3o em massa sobre o tema inc\u00eandios nas vegeta\u00e7\u00f5es, sua origem e consequ\u00eancia, do outro lado, a efic\u00e1cia dos sistemas de monitoramento para acompanhar e fortalecer as informa\u00e7\u00f5es que s\u00e3o apresentadas nas not\u00edcias, fornecendo dados que at\u00e9 o momento n\u00e3o s\u00e3o comuns na m\u00eddia, como imagens de sat\u00e9lites da situa\u00e7\u00e3o atual e anterior dos inc\u00eandios, mapas de focos de calor, medi\u00e7\u00f5es das \u00e1reas afetadas, entre outros produtos que podem ser gerados.<\/p>\n<h3>Busca das informa\u00e7\u00f5es<\/h3>\n<p>\u00c9 definido not\u00edcia, uma nova informa\u00e7\u00e3o sobre algum evento. Os eventos de interesse para nosso estudo s\u00e3o os inc\u00eandios nas vegeta\u00e7\u00f5es e para este caso em particular, as not\u00edcias que s\u00e3o processadas, s\u00e3o fornecidas por relat\u00f3rios peri\u00f3dicos com dados de eventos de inc\u00eandios recentes.<\/p>\n<p>Na busca por not\u00edcias de inc\u00eandios que ocorrem na Am\u00e9rica do Sul e Caribe encontramos numerosas fontes na internet. Podemos mencionar jornais de alcance local, regional, nacional e internacional. Essas diversas fontes raramente apresentam informa\u00e7\u00f5es de maneira exclusiva e geralmente encontramos informa\u00e7\u00f5es redundantes que referenciam acontecimentos de grande magnitude e que ocorrem em diferentes lugares do mundo. Hoje em dia \u00e9 comum encontrar not\u00edcias em todo tipo de jornais, como no Chile, Austr\u00e1lia ou Calif\u00f3rnia, mesmo sem saber em que lugar do mapa se encontra esses lugares. Somente quando um evento de inc\u00eandio n\u00e3o toma a notoriedade devido o envolvimento de uma pequena \u00e1rea sem grande import\u00e2ncia ecol\u00f3gica e aparece geralmente em um jornal local e n\u00e3o possui uma repercuss\u00e3o de n\u00edvel nacional ou internacional. \u00c9 comum encontrar m\u00faltiplas refer\u00eancias em um portal de not\u00edcias referendo-se a um mesmo evento de acordo com a evolu\u00e7\u00e3o dos acontecimentos, ou a medida que se obt\u00e9m mais ou melhores informa\u00e7\u00f5es a respeito do evento.<\/p>\n<p>Neste trabalho, a\u00a0redund\u00e2ncia deve ser eliminada para que cada not\u00edcia que se processa seja \u00fanica e represente somente um evento. De todas as not\u00edcias dispon\u00edveis sera escolhida a informa\u00e7\u00e3o que mais resultar confiabilidade.<\/p>\n<p>O processo de busca das not\u00edcias sobre inc\u00eandios \u00e9 realizada de forma peri\u00f3dica analisando alertas de not\u00edcias incorporadas ao sistema de busca do Google. Estes alertas de not\u00edcias s\u00e3o recebidos em uma conta de correio eletr\u00f4nico e s\u00e3o verificadas diariamente e de forma manual. De todas as not\u00edcias recebidas sobre um determinado evento, apenas uma \u00e9 escolhida para representar o mesmo. Em seguida, \u00e9 verificado no sistema de monitoramento de focos de calor do INPE sobre a exist\u00eancia de detec\u00e7\u00e3o de focos de calor para a \u00e1rea descrita na not\u00edcia.<\/p>\n<p>Quando surge uma not\u00edcia sobre um evento de inc\u00eandio tomando como lugar um determinada localidade, \u00e9 comum que a not\u00edcia continue at\u00e9 que o inc\u00eandio seja extinguido por causas naturais ou por bombeiros. Nestes casos se registram ambas as datas de in\u00edcio e termino de acordo com as not\u00edcias e as detec\u00e7\u00f5es do sistema de monitoramento. Isto \u00e9, o momento em que apareceu a primeira detec\u00e7\u00e3o e quando deixou de aparecer.<\/p>\n<h3>Dados obtidos<\/h3>\n<h4>Not\u00edcias nos meios de comunica\u00e7\u00e3o para os meses de Janeiro \u00e0 Dezembro\u00a0de 2014<\/h4>\n<p>As informa\u00e7\u00f5es obtidas dos meios de comunica\u00e7\u00f5es, durante os meses de Janeiro \u00e0 Dezembro\u00a0de 2014, sobre os inc\u00eandios nas vegeta\u00e7\u00f5es na Am\u00e9rica do Sul e Caribe s\u00e3o resumidos no seguintes gr\u00e1ficos de barras.<\/p>\n<p><strong>Total de not\u00edcias sobre inc\u00eandios na Am\u00e9rica do Sul e Caribe<\/strong> (clique na imagem para ampliar)<\/p>\n<p><strong>[Not a valid template]<\/strong><\/p>\n<p><strong>Mapas da densidade de focos de calor e not\u00edcias<\/strong> (clique na imagem para ampliar )<\/p>\n<p>[Not a valid template]<\/p>\n<p>Dentre as causas para quais n\u00e3o h\u00e1 focos de calor acompanhando as not\u00edcias, podemos mencionar a escassa dura\u00e7\u00e3o ou o tamanho dos inc\u00eandios, assim como tamb\u00e9m a presen\u00e7a de nuvens nas regi\u00f5es aonde ocorreu o inc\u00eandio.<\/p>\n<p>Cabe mencionar que os inc\u00eandios de maior dura\u00e7\u00e3o e tamanho mencionados nas not\u00edcias, foram sempre acompanhadas por detec\u00e7\u00f5es do sistema de monitoramento.<\/p>","protected":false},"excerpt":{"rendered":"<p>An\u00e1lises de not\u00edcias sobre inc\u00eandios para Am\u00e9rica do Sul e Caribe Autores: Gimena Podest\u00e1, Emiliano Melchiori, Alberto Setzer, Fabiano Morelli,\u00a0Debora Moraes Inc\u00eandios florestais nos meios de comunica\u00e7\u00e3o O objetivo desta se\u00e7\u00e3o que se apresenta&#46;&#46;&#46;<\/p>\n","protected":false},"author":1,"featured_media":0,"parent":0,"menu_order":0,"comment_status":"open","ping_status":"closed","template":"","meta":{"ngg_post_thumbnail":0,"footnotes":""},"class_list":["post-83","page","type-page","status-publish","hentry"],"_links":{"self":[{"href":"https:\/\/www.redlatif.org\/pt\/wp-json\/wp\/v2\/pages\/83","targetHints":{"allow":["GET"]}}],"collection":[{"href":"https:\/\/www.redlatif.org\/pt\/wp-json\/wp\/v2\/pages"}],"about":[{"href":"https:\/\/www.redlatif.org\/pt\/wp-json\/wp\/v2\/types\/page"}],"author":[{"embeddable":true,"href":"https:\/\/www.redlatif.org\/pt\/wp-json\/wp\/v2\/users\/1"}],"replies":[{"embeddable":true,"href":"https:\/\/www.redlatif.org\/pt\/wp-json\/wp\/v2\/comments?post=83"}],"version-history":[{"count":39,"href":"https:\/\/www.redlatif.org\/pt\/wp-json\/wp\/v2\/pages\/83\/revisions"}],"predecessor-version":[{"id":2015,"href":"https:\/\/www.redlatif.org\/pt\/wp-json\/wp\/v2\/pages\/83\/revisions\/2015"}],"wp:attachment":[{"href":"https:\/\/www.redlatif.org\/pt\/wp-json\/wp\/v2\/media?parent=83"}],"curies":[{"name":"wp","href":"https:\/\/api.w.org\/{rel}","templated":true}]}}

Notícias

<p></p>
<h2>Análises de notícias sobre incêndios para América do Sul e Caribe</h2>
<p><strong>Autores:</strong> Gimena Podestá, Emiliano Melchiori, Alberto Setzer, Fabiano Morelli, Debora Moraes</p>
<h3>Incêndios florestais nos meios de comunicação</h3>
<p>O objetivo desta seção que se apresenta é realizar uma pesquisa das notícias que aparacem nos meios de comunicação sobre a ocorrência e pesquisa de incêndios nas vegetações, acompanhando as informações, quando possível, a detecção via satélites de focos de calor do sistema BDQUEIMADAS do INPE.</p>
<p>Com estes dados, notícias e focos de calor, pretende-se realizar uma dupla verificação sobre a realidade dos incêndios na América do Sul e Caribe. De um lado, o interesse dos meios de comunicação em massa sobre o tema incêndios nas vegetações, sua origem e consequência, do outro lado, a eficácia dos sistemas de monitoramento para acompanhar e fortalecer as informações que são apresentadas nas notícias, fornecendo dados que até o momento não são comuns na mídia, como imagens de satélites da situação atual e anterior dos incêndios, mapas de focos de calor, medições das áreas afetadas, entre outros produtos que podem ser gerados.</p>
<h3>Busca das informações</h3>
<p>É definido notícia, uma nova informação sobre algum evento. Os eventos de interesse para nosso estudo são os incêndios nas vegetações e para este caso em particular, as notícias que são processadas, são fornecidas por relatórios periódicos com dados de eventos de incêndios recentes.</p>
<p>Na busca por notícias de incêndios que ocorrem na América do Sul e Caribe encontramos numerosas fontes na internet. Podemos mencionar jornais de alcance local, regional, nacional e internacional. Essas diversas fontes raramente apresentam informações de maneira exclusiva e geralmente encontramos informações redundantes que referenciam acontecimentos de grande magnitude e que ocorrem em diferentes lugares do mundo. Hoje em dia é comum encontrar notícias em todo tipo de jornais, como no Chile, Austrália ou Califórnia, mesmo sem saber em que lugar do mapa se encontra esses lugares. Somente quando um evento de incêndio não toma a notoriedade devido o envolvimento de uma pequena área sem grande importância ecológica e aparece geralmente em um jornal local e não possui uma repercussão de nível nacional ou internacional. É comum encontrar múltiplas referências em um portal de notícias referendo-se a um mesmo evento de acordo com a evolução dos acontecimentos, ou a medida que se obtém mais ou melhores informações a respeito do evento.</p>
<p>Neste trabalho, a redundância deve ser eliminada para que cada notícia que se processa seja única e represente somente um evento. De todas as notícias disponíveis sera escolhida a informação que mais resultar confiabilidade.</p>
<p>O processo de busca das notícias sobre incêndios é realizada de forma periódica analisando alertas de notícias incorporadas ao sistema de busca do Google. Estes alertas de notícias são recebidos em uma conta de correio eletrônico e são verificadas diariamente e de forma manual. De todas as notícias recebidas sobre um determinado evento, apenas uma é escolhida para representar o mesmo. Em seguida, é verificado no sistema de monitoramento de focos de calor do INPE sobre a existência de detecção de focos de calor para a área descrita na notícia.</p>
<p>Quando surge uma notícia sobre um evento de incêndio tomando como lugar um determinada localidade, é comum que a notícia continue até que o incêndio seja extinguido por causas naturais ou por bombeiros. Nestes casos se registram ambas as datas de início e termino de acordo com as notícias e as detecções do sistema de monitoramento. Isto é, o momento em que apareceu a primeira detecção e quando deixou de aparecer.</p>
<h3>Dados obtidos</h3>
<h4>Notícias nos meios de comunicação para os meses de Janeiro à Dezembro de 2014</h4>
<p>As informações obtidas dos meios de comunicações, durante os meses de Janeiro à Dezembro de 2014, sobre os incêndios nas vegetações na América do Sul e Caribe são resumidos no seguintes gráficos de barras.</p>
<p><strong>Total de notícias sobre incêndios na América do Sul e Caribe</strong> (clique na imagem para ampliar)</p>
<p><strong>[Not a valid template]</strong></p>
<p><strong>Mapas da densidade de focos de calor e notícias</strong> (clique na imagem para ampliar )</p>
<p>[Not a valid template]</p>
<p>Dentre as causas para quais não há focos de calor acompanhando as notícias, podemos mencionar a escassa duração ou o tamanho dos incêndios, assim como também a presença de nuvens nas regiões aonde ocorreu o incêndio.</p>
<p>Cabe mencionar que os incêndios de maior duração e tamanho mencionados nas notícias, foram sempre acompanhadas por detecções do sistema de monitoramento.</p>

<p>Análises de notícias sobre incêndios para América do Sul e Caribe Autores: Gimena Podestá, Emiliano Melchiori, Alberto Setzer, Fabiano Morelli, Debora Moraes Incêndios florestais nos meios de comunicação O objetivo desta seção que se apresenta&#46;&#46;&#46;</p>
